{"id":709,"date":"2024-09-17T10:27:23","date_gmt":"2024-09-17T07:27:23","guid":{"rendered":"https:\/\/sataturkenergy.com.tr\/wordpress\/?page_id=709"},"modified":"2024-09-18T10:12:18","modified_gmt":"2024-09-18T07:12:18","slug":"vizyon","status":"publish","type":"page","link":"https:\/\/sataturkenergy.com.tr\/wordpress\/vizyon\/","title":{"rendered":"Ama\u00e7, Vizyon ve Misyon"},"content":{"rendered":"\n<figure class=\"wp-block-image size-full\"><img loading=\"lazy\" decoding=\"async\" width=\"900\" height=\"720\" data-src=\"https:\/\/sataturkenergy.com.tr\/wordpress\/wp-content\/uploads\/2024\/09\/Amac-vizyon-misyon.jpg\" alt=\"\" class=\"wp-image-787 lazyload\" data-srcset=\"https:\/\/sataturkenergy.com.tr\/wordpress\/wp-content\/uploads\/2024\/09\/Amac-vizyon-misyon.jpg 900w, https:\/\/sataturkenergy.com.tr\/wordpress\/wp-content\/uploads\/2024\/09\/Amac-vizyon-misyon-300x240.jpg 300w, https:\/\/sataturkenergy.com.tr\/wordpress\/wp-content\/uploads\/2024\/09\/Amac-vizyon-misyon-768x614.jpg 768w\" data-sizes=\"auto, (max-width: 900px) 100vw, 900px\" src=\"data:image\/gif;base64,R0lGODlhAQABAAAAACH5BAEKAAEALAAAAAABAAEAAAICTAEAOw==\" style=\"--smush-placeholder-width: 900px; --smush-placeholder-aspect-ratio: 900\/720;\" \/><noscript><img loading=\"lazy\" decoding=\"async\" width=\"900\" height=\"720\" src=\"https:\/\/sataturkenergy.com.tr\/wordpress\/wp-content\/uploads\/2024\/09\/Amac-vizyon-misyon.jpg\" alt=\"\" class=\"wp-image-787\" srcset=\"https:\/\/sataturkenergy.com.tr\/wordpress\/wp-content\/uploads\/2024\/09\/Amac-vizyon-misyon.jpg 900w, https:\/\/sataturkenergy.com.tr\/wordpress\/wp-content\/uploads\/2024\/09\/Amac-vizyon-misyon-300x240.jpg 300w, https:\/\/sataturkenergy.com.tr\/wordpress\/wp-content\/uploads\/2024\/09\/Amac-vizyon-misyon-768x614.jpg 768w\" sizes=\"auto, (max-width: 900px) 100vw, 900px\" \/><\/noscript><\/figure>\n\n\n\n<h2 class=\"wp-block-heading\">Amac\u0131m\u0131z<\/h2>\n\n\n\n<p>Bilgi birikimini s\u00fcrekli geli\u015ftiren, standartlar\u0131 belirleyen, yenilik\u00e7i ve \u00e7evreye duyarl\u0131 \u00e7\u00f6z\u00fcmler ile sekt\u00f6r\u00fcn gelece\u011fine y\u00f6n veren s\u00fcrd\u00fcr\u00fclebilir bir de\u011fer \u00fcretmek.<\/p>\n\n\n\n<h2 class=\"wp-block-heading\">Vizyonumuz<\/h2>\n\n\n\n<p>Enerji sekt\u00f6r\u00fcnde kendi alan\u0131nda en \u00e7ok tercih edilen firma konumuna gelerek, \u00e7al\u0131\u015fanlar\u0131na ilham veren, \u00e7evresel, sosyal ve ekonomik anlamda \u00fclkesine katk\u0131 sa\u011flayan lider kurulu\u015flardan biri olmak.<\/p>\n\n\n\n<h2 class=\"wp-block-heading\">Misyonumuz<\/h2>\n\n\n\n<p>Enerjisini do\u011falgazdan \u00fcreten tesislerin yedek par\u00e7a, bak\u0131m, onar\u0131m, kontrol, m\u00fchendislik ve dan\u0131\u015fmanl\u0131k konular\u0131nda d\u0131\u015fa ba\u011f\u0131ml\u0131l\u0131\u011f\u0131n\u0131 azalt\u0131rken, \u00e7evreye duyarl\u0131, g\u00fcvenilir ve s\u00fcrd\u00fcr\u00fclebilir bir i\u015f modeli ile T\u00fcrkiye\u2019de ve b\u00f6lgede ilk akla gelen, tercih edilen, \u00f6rnek al\u0131nan, m\u00fc\u015fteri istek ve beklentilerini tam olarak kar\u015f\u0131layan, do\u011fru \u00e7\u00f6z\u00fcmler \u00fcretmeye ve memnuniyete dayal\u0131, \u00f6nc\u00fc ve sayg\u0131n bir \u015firket haline gelmektir.<\/p>\n\n\n\n<p><\/p>\n","protected":false},"excerpt":{"rendered":"<p>Amac\u0131m\u0131z Bilgi birikimini s\u00fcrekli geli\u015ftiren, standartlar\u0131 belirleyen, yenilik\u00e7i ve \u00e7evreye duyarl\u0131 \u00e7\u00f6z\u00fcmler ile sekt\u00f6r\u00fcn gelece\u011fine y\u00f6n veren s\u00fcrd\u00fcr\u00fclebilir bir de\u011fer \u00fcretmek. Vizyonumuz Enerji sekt\u00f6r\u00fcnde kendi alan\u0131nda en \u00e7ok tercih edilen firma konumuna gelerek, \u00e7al\u0131\u015fanlar\u0131na ilham veren, \u00e7evresel, sosyal ve ekonomik anlamda \u00fclkesine katk\u0131 sa\u011flayan lider kurulu\u015flardan biri olmak. Misyonumuz Enerjisini do\u011falgazdan \u00fcreten tesislerin yedek par\u00e7a, [&hellip;]<\/p>\n","protected":false},"author":1,"featured_media":0,"parent":0,"menu_order":0,"comment_status":"closed","ping_status":"closed","template":"","meta":{"_monsterinsights_skip_tracking":false,"_monsterinsights_sitenote_active":false,"_monsterinsights_sitenote_note":"","_monsterinsights_sitenote_category":0,"footnotes":""},"class_list":["post-709","page","type-page","status-publish","hentry"],"aioseo_notices":[],"jetpack_sharing_enabled":true,"_links":{"self":[{"href":"https:\/\/sataturkenergy.com.tr\/wordpress\/wp-json\/wp\/v2\/pages\/709","targetHints":{"allow":["GET"]}}],"collection":[{"href":"https:\/\/sataturkenergy.com.tr\/wordpress\/wp-json\/wp\/v2\/pages"}],"about":[{"href":"https:\/\/sataturkenergy.com.tr\/wordpress\/wp-json\/wp\/v2\/types\/page"}],"author":[{"embeddable":true,"href":"https:\/\/sataturkenergy.com.tr\/wordpress\/wp-json\/wp\/v2\/users\/1"}],"replies":[{"embeddable":true,"href":"https:\/\/sataturkenergy.com.tr\/wordpress\/wp-json\/wp\/v2\/comments?post=709"}],"version-history":[{"count":0,"href":"https:\/\/sataturkenergy.com.tr\/wordpress\/wp-json\/wp\/v2\/pages\/709\/revisions"}],"wp:attachment":[{"href":"https:\/\/sataturkenergy.com.tr\/wordpress\/wp-json\/wp\/v2\/media?parent=709"}],"curies":[{"name":"wp","href":"https:\/\/api.w.org\/{rel}","templated":true}]}}